 130100213202300 - -11?
130100213202311
In base 16, what is -3 + 3ab761?
3ab75e
In base 14, what is -5c4539 - 26?
-5c4561
In base 6, what is 1202 - 3451325?
-3450123
In base 4, what is 110213022202 - 3?
110213022133
In base 13, what is 29 - -30b9a?
30bc6
In base 13, what is -38 - -28c39?
28c01
In base 2, what is -1 + 10010101100010111000000111?
10010101100010111000000110
In base 2, what is 101111011110010011110 - 110?
101111011110010011000
In base 16, what is -300 - f11?
-1211
In base 10, what is 0 - -19272537?
19272537
In base 3, what is 212200 + 10111010222?
10112000122
In base 4, what is 2 + 1333010200103?
1333010200111
In base 10, what is 124 + 2050462?
2050586
In base 7, what is -22014150 - -2?
-22014145
In base 4, what is -3221313 + 202232?
-3013021
In base 11, what is 32 + -9229a2?
-922970
In base 6, what is -1210035 - -305?
-1205330
In base 15, what is b07c28 - -3?
b07c2b
In base 8, what is -204017 - 1425?
-205444
In base 13, what is b6c3aa - 41?
b6c369
In base 11, what is -64346 - -1136?
-63210
In base 10, what is -31055 + -328?
-31383
In base 12, what is -21658 + 6a?
-215aa
In base 14, what is -ba - 2d2ca?
-2d3a6
In base 4, what is -20112110230001 + -10?
-20112110230011
In base 12, what is -334a108 - 5?
-334a111
In base 15, what is 29501e + 2?
295021
In base 5, what is -13 - 1320213410?
-1320213423
In base 7, what is -413534320 + -5?
-413534325
In base 10, what is -77 + 16033586?
16033509
In base 11, what is -2394a - -627?
-23323
In base 5, what is 1 - -1210314221?
1210314222
In base 14, what is 45b5 + 305?
48ba
In base 14, what is 6b9 + 27c97?
28572
In base 3, what is -10 - 10100210020122010?
-10100210020122020
In base 15, what is 205e3b - 98?
205d93
In base 11, what is 57688a716 - -1?
57688a717
In base 7, what is 5 - -5463021065?
5463021103
In base 13, what is 11a + -296122?
-296005
In base 7, what is -5 + 320230440?
320230432
In base 9, what is -53568128 - 4?
-53568133
In base 3, what is -1011010222202110012 + 2?
-1011010222202110010
In base 6, what is -12440435334 + 4?
-12440435330
In base 8, what is 412 + 1572?
2204
In base 16, what is -4d304 + e1?
-4d223
In base 14, what is 6d9 - -86b07?
87402
In base 5, what is 10 - 201410103301?
-201410103241
In base 16, what is fe45 + 1196?
10fdb
In base 13, what is -4ac + -12b16a?
-12b649
In base 5, what is -123140330 + 1023?
-123134302
In base 6, what is 114 - 1125203?
-1125045
In base 10, what is -26175 - -2535?
-23640
In base 14, what is -2677c - 192?
-26930
In base 6, what is 1243531141 + 3?
1243531144
In base 16, what is 6e86 - 25b?
6c2b
In base 6, what is 3255 - 1050132?
-1042433
In base 11, what is 3 - -80905010?
80905013
In base 11, what is -32a5 + a85?
-2320
In base 16, what is 11a + 13e00?
13f1a
In base 15, what is -d + -2de7d2?
-2de7e0
In base 6, what is -14 + 15303335?
15303321
In base 6, what is -154023123510 - -4?
-154023123502
In base 10, what is 45736959 - -1?
45736960
In base 14, what is 0 - -2d9b09a?
2d9b09a
In base 12, what is -90399 - -34?
-90365
In base 4, what is 102212021321310 + -2?
102212021321302
In base 16, what is d7f58 + -12?
d7f46
In base 15, what is 131b5eb + -1b?
131b5d0
In base 13, what is -68 - cc990?
-cca28
In base 6, what is -311215 + -1044?
-312303
In base 3, what is -1001111021 + -11001?
-1001122022
In base 13, what is -8636 - 27?
-8660
In base 4, what is -100111 + -13013?
-113130
In base 9, what is 4 - -1261271?
1261275
In base 6, what is -43312 + -334550?
-422302
In base 5, what is -32 + -41320243131?
-41320243213
In base 15, what is 30330 - -177?
304a7
In base 11, what is -1045885 + -10?
-1045895
In base 9, what is -6230088 + 3?
-6230085
In base 12, what is 31a162 + 3?
31a165
In base 14, what is 6679 - -238?
68b3
In base 6, what is -24014 - 2331412?
-2355430
In base 5, what is 2040141 + 2240?
2042431
In base 12, what is 87a05 + 13?
87a18
In base 5, what is 1 + 4113031121?
4113031122
In base 11, what is -550 + 6077?
5627
In base 7, what is 501236 - -1504?
503043
In base 16, what is -1 + 23274a?
232749
In base 14, what is -22b64 - -255?
-2290d
In base 3, what is -11020211021102100020 + 11?
-11020211021102100002
In base 16, what is -132f - 4cf?
-17fe
In base 15, what is -309c14 - 1d?
-309c32
In base 12, what is 1 - -2344375?
2344376
In base 10, what is 85631435 - -1?
85631436
In base 8, what is 2106 - 11414?
-7306
In base 3, what is -2210222 + 201021101?
121110102
In base 15, what is -4642d + -8dc?
-46d1a
In base 13, what is 3410970 - -20?
3410990
In base 9, what is 24168857 - -3?
24168861
In base 14, what is -17c2 + -b61?
-2543
In base 14, what is d287 - 26ba?
a9ab
In base 5, what is -10034210202 + 2?
-10034210200
In base 13, what is -259 + 6549b?
65242
In base 12, what is -b21 - -b8b27?
b8006
In base 7, what is -136331033 - 4?
-136331040
In base 12, what is 158604 - 348?
158278
In base 10, what is -31699 - 3939?
-35638
In base 10, what is 6 - -163442620?
163442626
In base 14, what is -34cbd - -3c?
-34c81
In base 13, what is -8065 - 15919?
-20981
In base 14, what is 123270 + -29?
123245
In base 14, what is 1223 + -2471?
-124c
In base 11, what is 39 + 117a730?
117a769
In base 16, what is -61 - -22138?
220d7
In base 14, what is 328d + 19035?
1c2c4
In base 4, what is -3131002033 - -3311?
-3130332122
In base 12, what is 259 + 575?
812
In base 14, what is -18c47256 - 3?
-18c47259
In base 14, what is -8243 - 3689?
-b8cc
In base 4, what is 102130 - -11133212?
11302002
In base 11, what is -429 - -12a815?
12a397
In base 14, what is ca455 + -1?
ca454
In base 13, what is -c43b71 + -2?
-c43b73
In base 4, what is -3 - -121033202111?
121033202102
In base 14, what is -1dd73b + -148?
-1dd885
In base 12, what is -3 + -b88a08?
-b88a0b
In base 2, what is 100000 + -1001010100111010001111011?
-1001010100111010001011011
In base 9, what is 405 + -13858?
-13453
In base 13, what is 55 + -1b4c1?
-1b469
In base 3, what is 112201101201110 + 1010?
112201101202120
In base 14, what is -76047 - -1c29?
-7421c
In base 11, what is 4 + -517760?
-517757
In base 8, what is -130 + 51025?
50675
In base 13, what is -1701a + 240?
-16aaa
In base 11, what is -2 - 97a52?
-97a54
In base 7, what is 520566 - -34?
520633
In base 4, what is 11232201 - -3011130?
20303331
In base 4, what is 3330030331 - -12?
3330031003
In base 5, what is -4230312430 + 10?
-4230312420
In base 9, what is 7 + 516353?
516361
In base 8, what is 5741 + 1134346?
1142307
In base 3, what is -2 + -202100020002121?
-202100020002200
In base 6, what is 1032 + 2042015?
2043051
In base 13, what is -c07b15 - -150?
-c07995
In base 8, what is -27126675 + -105?
-27127002
In base 3, what is -2101122010120 + -12001?
-2101122022121
In base 16, what is -3167 + 73d?
-2a2a
In base 12, what is 3087770 + -5?
3087767
In base 5, what is 113232204 - 32?
113232122
In base 8, what is 12503704 + 4?
12503710
In base 6, what is 30 + 1143021343?
1143021413
In base 7, what is -3061 + 2663?
-65
In base 2, what is 11 + 11001001101011010001101?
11001001101011010010000
In base 6, what is -31 + -33003352?
-33003423
In base 11, what is 162 + 30697?
30849
In base 7, what is -143 + -106316546?
-106320022
In base 11, what is -771612747 - 3?
-77161274a
In base 14, what is 3a - -7148c?
714c8
In base 2, what is -111111001110011010 + -1110100?
-111111010000001110
In base 4, what is -10 - -1330221020200?
1330221020130
In base 4, what is -201300 + 1011003?
203103
In base 3, what is 1100211 - 121201102210?
-121200001222
In base 14, what is 127bcb - -146?
127d33
In base 14, what is 3300 + -135ab?
-102ab
In base 13, what is -8 - -bc212?
bc207
In base 6, what is 424244 - 2522?
421322
In base 5, what is -131311 + -2432313?
-3114124
In base 14, what is -948 - 1bbb3?
-1c71b
In base 10, what is -134141 - 1124?
-135265
In base 14, what is 76ad8 - d?
76ac9
In base 4, what is 11 - -1131031123001?
1131031123012
In base 10, what is -63 - 3173730?
-3173793
In base 13, what is -48 - a22c3?
-a233b
In base 13, what is 284062 + 9?
28406b
In base 4, what is 333 - 322003?
-321010
In base 16, what is 39 + 1f073?
1f0ac
In base 3, what is 11212222 + 120222?
12110221
In base 16, what is 1b9 - -2e031?
2e1ea
In base 14, what is -b5 - -1d5cc?
1d517
In base 15, what is 9 + -577229?
-577220
In base 2, what is 1 + 1101001100111011101110?
1101001100111011101111
In base 13, what is 15279 + 115?
15